{"id":27,"date":"2020-03-29T17:08:33","date_gmt":"2020-03-29T15:08:33","guid":{"rendered":"http:\/\/kf.dietour.org\/?page_id=27"},"modified":"2020-04-19T11:40:44","modified_gmt":"2020-04-19T09:40:44","slug":"home","status":"publish","type":"page","link":"https:\/\/schwimmschule-kleine-fische.de\/","title":{"rendered":"Home"},"content":{"rendered":"<div class=\"wpb-content-wrapper\"><p>[vc_row gap=&#8220;20&#8243;][vc_column el_align=&#8220;center&#8220; width=&#8220;1\/5&#8243; css=&#8220;.vc_custom_1587285847774{padding-right: 20px !important;padding-left: 20px !important;border-radius: 1px !important;}&#8220;]<div class='dt-sc-image-caption type3 rounded-img'><div class='dt-sc-image-wrapper'><img loading=\"lazy\" decoding=\"async\" width=\"180\" height=\"180\" src=\"https:\/\/schwimmschule-kleine-fische.de\/wp-content\/uploads\/2020\/04\/Kleinkinderschwimmen-180x180-1.png\" class=\"attachment-full\" alt=\"\" title=\"Kleinkinderschwimmen-180x180\" srcset=\"https:\/\/schwimmschule-kleine-fische.de\/wp-content\/uploads\/2020\/04\/Kleinkinderschwimmen-180x180-1.png 180w, https:\/\/schwimmschule-kleine-fische.de\/wp-content\/uploads\/2020\/04\/Kleinkinderschwimmen-180x180-1-150x150.png 150w\" sizes=\"auto, (max-width: 180px) 100vw, 180px\" \/><a href='https:\/\/schwimmschule-kleine-fische.de\/?page_id=50#Kleinkinderschwimmen_Detail' target='_self'><div class='icon-wrapper'><span class='fa fa-link'> <\/span><\/div><\/a><\/div><div class='dt-sc-image-title'><h3><a href=\"https:\/\/schwimmschule-kleine-fische.de\/?page_id=50#Kleinkinderschwimmen_Detail\" target=\"_self\" title=\"Kleinkinderschwimmen\">Kleinkinder<\/a><\/h3><\/div><div class='dt-sc-image-content'><p>Hier k\u00f6nnen Kinder ab ca. zwei Jahren zusammen mit einem Elternteil kommen. Spa\u00df und Bewegungsfreude im Element Wasser und die Interaktion \u2026<\/p><\/div><\/div>[\/vc_column][vc_column el_align=&#8220;center&#8220; width=&#8220;1\/5&#8243; css=&#8220;.vc_custom_1587285869719{padding-right: 20px !important;padding-left: 20px !important;}&#8220;]<div class='dt-sc-image-caption type3 rounded-img'><div class='dt-sc-image-wrapper'><img loading=\"lazy\" decoding=\"async\" width=\"300\" height=\"300\" src=\"https:\/\/schwimmschule-kleine-fische.de\/wp-content\/uploads\/2020\/04\/Wassergewohnung.png\" class=\"attachment-full\" alt=\"\" title=\"Wassergewohnung\" srcset=\"https:\/\/schwimmschule-kleine-fische.de\/wp-content\/uploads\/2020\/04\/Wassergewohnung.png 300w, https:\/\/schwimmschule-kleine-fische.de\/wp-content\/uploads\/2020\/04\/Wassergewohnung-150x150.png 150w\" sizes=\"auto, (max-width: 300px) 100vw, 300px\" \/><a href='https:\/\/schwimmschule-kleine-fische.de\/?page_id=50#Wassergewoehnung_Detail' target='_self'><div class='icon-wrapper'><span class='fa fa-link'> <\/span><\/div><\/a><\/div><div class='dt-sc-image-title'><h3><a href=\"https:\/\/schwimmschule-kleine-fische.de\/?page_id=50#Wassergewoehnung_Detail\" target=\"_self\">Wassergew\u00f6hnung<\/a><\/h3><\/div><div class='dt-sc-image-content'><p>Die Wassergew\u00f6hnung und Wasserbew\u00e4ltigungs-gruppe ist f\u00fcr Kinder ab vier Jahren. Sie findet ohne Eltern statt\u2026<\/p><\/div><\/div>[\/vc_column][vc_column el_align=&#8220;center&#8220; width=&#8220;1\/5&#8243; css=&#8220;.vc_custom_1587285919085{padding-right: 20px !important;padding-left: 20px !important;}&#8220;]<div class='dt-sc-image-caption type3 rounded-img'><div class='dt-sc-image-wrapper'><img loading=\"lazy\" decoding=\"async\" width=\"300\" height=\"300\" src=\"https:\/\/schwimmschule-kleine-fische.de\/wp-content\/uploads\/2020\/04\/Anfanger.png\" class=\"attachment-full\" alt=\"\" title=\"Anfanger\" srcset=\"https:\/\/schwimmschule-kleine-fische.de\/wp-content\/uploads\/2020\/04\/Anfanger.png 300w, https:\/\/schwimmschule-kleine-fische.de\/wp-content\/uploads\/2020\/04\/Anfanger-150x150.png 150w\" sizes=\"auto, (max-width: 300px) 100vw, 300px\" \/><a href='https:\/\/schwimmschule-kleine-fische.de\/?page_id=50#Anfaenger_Detail' target='_self'><div class='icon-wrapper'><span class='fa fa-link'> <\/span><\/div><\/a><\/div><div class='dt-sc-image-title'><h3><a href=\"https:\/\/schwimmschule-kleine-fische.de\/?page_id=50#Anfaenger_Detail\" target=\"_self\">Anf\u00e4nger<\/a><\/h3><\/div><div class='dt-sc-image-content'><p>Nach erfolgreicher Beendigung der Wassergew\u00f6hnungs- und Wasserbew\u00e4ltigungs-phase haben die Kinder schon sehr viel gelernt und die\u2026<\/p><\/div><\/div>[\/vc_column][vc_column el_align=&#8220;center&#8220; width=&#8220;1\/5&#8243; css=&#8220;.vc_custom_1587285882978{padding-right: 20px !important;padding-left: 20px !important;}&#8220;]<div class='dt-sc-image-caption type3 rounded-img'><div class='dt-sc-image-wrapper'><img loading=\"lazy\" decoding=\"async\" width=\"300\" height=\"300\" src=\"https:\/\/schwimmschule-kleine-fische.de\/wp-content\/uploads\/2020\/04\/Fortgeschrittene.png\" class=\"attachment-full\" alt=\"\" title=\"Fortgeschrittene\" srcset=\"https:\/\/schwimmschule-kleine-fische.de\/wp-content\/uploads\/2020\/04\/Fortgeschrittene.png 300w, https:\/\/schwimmschule-kleine-fische.de\/wp-content\/uploads\/2020\/04\/Fortgeschrittene-150x150.png 150w\" sizes=\"auto, (max-width: 300px) 100vw, 300px\" \/><a href='https:\/\/schwimmschule-kleine-fische.de\/?page_id=50#Fortgeschrittene_Detail' target='_self'><div class='icon-wrapper'><span class='fa fa-link'> <\/span><\/div><\/a><\/div><div class='dt-sc-image-title'><h3><a href=\"https:\/\/schwimmschule-kleine-fische.de\/?page_id=50#Fortgeschrittene_Detail\" target=\"_self\">Fortgeschrittene<\/a><\/h3><\/div><div class='dt-sc-image-content'><p>In den fortgeschrittenen Gruppen werden die Schwimmtechniken vertieft und die Kondition der Kinder verst\u00e4rkt. Hier haben die Kinder die M\u00f6glichkeit\u2026<\/p><\/div><\/div>[\/vc_column][vc_column el_align=&#8220;center&#8220; width=&#8220;1\/5&#8243; css=&#8220;.vc_custom_1587285892539{padding-right: 20px !important;padding-left: 20px !important;}&#8220;]<div class='dt-sc-image-caption type3 rounded-img'><div class='dt-sc-image-wrapper'><img loading=\"lazy\" decoding=\"async\" width=\"300\" height=\"300\" src=\"https:\/\/schwimmschule-kleine-fische.de\/wp-content\/uploads\/2020\/04\/Aquagymnastik.png\" class=\"attachment-full\" alt=\"\" title=\"Aquagymnastik\" srcset=\"https:\/\/schwimmschule-kleine-fische.de\/wp-content\/uploads\/2020\/04\/Aquagymnastik.png 300w, https:\/\/schwimmschule-kleine-fische.de\/wp-content\/uploads\/2020\/04\/Aquagymnastik-150x150.png 150w\" sizes=\"auto, (max-width: 300px) 100vw, 300px\" \/><a href='https:\/\/schwimmschule-kleine-fische.de\/?page_id=50#Aquagymnastik_Detail' target='_self'><div class='icon-wrapper'><span class='fa fa-link'> <\/span><\/div><\/a><\/div><div class='dt-sc-image-title'><h3><a href=\"https:\/\/schwimmschule-kleine-fische.de\/?page_id=50#Aquagymnastik_Detail\" target=\"_self\">Aquagymnastik<\/a><\/h3><\/div><div class='dt-sc-image-content'><p>Diese Gruppe richtet sich an alle, die Spa\u00df und Freude an der Bewegung im Wasser haben und etwas f\u00fcr ihre Fitness und Gesundheit machen m\u00f6chten\u2026<\/p><\/div><\/div>[\/vc_column][\/vc_row][vc_row][vc_column]<div class=\"ult-spacer spacer-69f0a1b96d2f9\" data-id=\"69f0a1b96d2f9\" data-height=\"10\" data-height-mobile=\"10\" data-height-tab=\"10\" data-height-tab-portrait=\"\" data-height-mobile-landscape=\"\" style=\"clear:both;display:block;\"><\/div>[\/vc_column][\/vc_row][vc_row full_width=&#8220;stretch_row&#8220; parallax=&#8220;content-moving&#8220; parallax_image=&#8220;146&#8243; parallax_speed_bg=&#8220;5&#8243; bg_type=&#8220;image&#8220; parallax_style=&#8220;vcpb-vz-jquery&#8220; bg_img_attach=&#8220;fixed&#8220; bg_override=&#8220;full&#8220; css=&#8220;.vc_custom_1587289241109{background-color: #85c7e3 !important;background-position: center;background-repeat: no-repeat !important;background-size: cover !important;}&#8220;][vc_column]<div class=\"ult-spacer spacer-69f0a1b96d32d\" data-id=\"69f0a1b96d32d\" data-height=\"30\" data-height-mobile=\"20\" data-height-tab=\"\" data-height-tab-portrait=\"\" data-height-mobile-landscape=\"10\" style=\"clear:both;display:block;\"><\/div>[\/vc_column][vc_column el_align=&#8220;left&#8220; width=&#8220;1\/2&#8243;]<div id=\"ultimate-heading-551569f0a1b96d3b2\" class=\"uvc-heading ult-adjust-bottom-margin ultimate-heading-551569f0a1b96d3b2 uvc-66 \" data-hspacer=\"no_spacer\"  data-halign=\"center\" style=\"text-align:center\"><div class=\"uvc-heading-spacer no_spacer\" style=\"top\"><\/div><div class=\"uvc-main-heading ult-responsive\"  data-ultimate-target='.uvc-heading.ultimate-heading-551569f0a1b96d3b2 h3'  data-responsive-json-new='{\"font-size\":\"\",\"line-height\":\"\"}' ><h3 style=\"font-family:&#039;Comic Neue&#039;;font-weight:700;color:#ffffff;\">Schwimmschule ``Kleine Fische``<\/h3><\/div><\/div><div class=\"ult-spacer spacer-69f0a1b96d42a\" data-id=\"69f0a1b96d42a\" data-height=\"20\" data-height-mobile=\"20\" data-height-tab=\"20\" data-height-tab-portrait=\"\" data-height-mobile-landscape=\"\" style=\"clear:both;display:block;\"><\/div>[vc_column_text]<strong>Seit dem 19. April 2010 besteht meine Schwimmschule \u201eKleine Fische\u201c. Unter dem Motto: \u201eSchwimmen lernen mit viel Spa\u00df\u201c haben schon viele Kinder bei uns das Schwimmen gelernt. Mir ist es sehr wichtig, dass Kinder Spa\u00df und Freude am Schwimmen haben, vielseitig und angstfrei lernen k\u00f6nnen und so zu sicheren Schwimmern ausgebildet werden.<\/strong>[\/vc_column_text][\/vc_column][vc_column el_align=&#8220;left&#8220; width=&#8220;1\/2&#8243;][vc_single_image image=&#8220;133&#8243; img_size=&#8220;medium&#8220; alignment=&#8220;right&#8220;][\/vc_column][\/vc_row][vc_row][vc_column]<div class=\"ult-spacer spacer-69f0a1b96d44c\" data-id=\"69f0a1b96d44c\" data-height=\"50\" data-height-mobile=\"20\" data-height-tab=\"\" data-height-tab-portrait=\"\" data-height-mobile-landscape=\"10\" style=\"clear:both;display:block;\"><\/div><div id=\"ultimate-heading-620069f0a1b96d482\" class=\"uvc-heading ult-adjust-bottom-margin ultimate-heading-620069f0a1b96d482 uvc-1452 \" data-hspacer=\"no_spacer\"  data-halign=\"center\" style=\"text-align:center\"><div class=\"uvc-heading-spacer no_spacer\" style=\"top\"><\/div><div class=\"uvc-main-heading ult-responsive\"  data-ultimate-target='.uvc-heading.ultimate-heading-620069f0a1b96d482 h3'  data-responsive-json-new='{\"font-size\":\"\",\"line-height\":\"\"}' ><h3 style=\"font-family:&#039;Comic Neue&#039;;font-weight:700;color:#000000;\">Aktuelles<\/h3><\/div><\/div><div class=\"ult-spacer spacer-69f0a1b96d4cc\" data-id=\"69f0a1b96d4cc\" data-height=\"50\" data-height-mobile=\"20\" data-height-tab=\"\" data-height-tab-portrait=\"\" data-height-mobile-landscape=\"10\" style=\"clear:both;display:block;\"><\/div>[vc_basic_grid post_type=&#8220;post&#8220; max_items=&#8220;3&#8243; grid_id=&#8220;vc_gid:1587289085975-f96c44bd-27f9-8&#8243;][\/vc_column][\/vc_row]<\/p>\n<\/div>","protected":false},"excerpt":{"rendered":"<p>[vc_row gap=&#8220;20&#8243;][vc_column el_align=&#8220;center&#8220; width=&#8220;1\/5&#8243; css=&#8220;.vc_custom_1587285847774{padding-right: 20px !important;padding-left: 20px !important;border-radius: 1px !important;}&#8220;][\/vc_column][vc_column el_align=&#8220;center&#8220; width=&#8220;1\/5&#8243; css=&#8220;.vc_custom_1587285869719{padding-right: 20px !important;padding-left: 20px !important;}&#8220;][\/vc_column][vc_column el_align=&#8220;center&#8220; width=&#8220;1\/5&#8243; css=&#8220;.vc_custom_1587285919085{padding-right: 20px !important;padding-left: 20px !important;}&#8220;][\/vc_column][vc_column el_align=&#8220;center&#8220; width=&#8220;1\/5&#8243; css=&#8220;.vc_custom_1587285882978{padding-right: 20px !important;padding-left: [&hellip;]<\/p>\n","protected":false},"author":1,"featured_media":0,"parent":0,"menu_order":0,"comment_status":"closed","ping_status":"closed","template":"","meta":{"footnotes":""},"class_list":["post-27","page","type-page","status-publish","hentry"],"_links":{"self":[{"href":"https:\/\/schwimmschule-kleine-fische.de\/index.php?rest_route=\/wp\/v2\/pages\/27","targetHints":{"allow":["GET"]}}],"collection":[{"href":"https:\/\/schwimmschule-kleine-fische.de\/index.php?rest_route=\/wp\/v2\/pages"}],"about":[{"href":"https:\/\/schwimmschule-kleine-fische.de\/index.php?rest_route=\/wp\/v2\/types\/page"}],"author":[{"embeddable":true,"href":"https:\/\/schwimmschule-kleine-fische.de\/index.php?rest_route=\/wp\/v2\/users\/1"}],"replies":[{"embeddable":true,"href":"https:\/\/schwimmschule-kleine-fische.de\/index.php?rest_route=%2Fwp%2Fv2%2Fcomments&post=27"}],"version-history":[{"count":90,"href":"https:\/\/schwimmschule-kleine-fische.de\/index.php?rest_route=\/wp\/v2\/pages\/27\/revisions"}],"predecessor-version":[{"id":795,"href":"https:\/\/schwimmschule-kleine-fische.de\/index.php?rest_route=\/wp\/v2\/pages\/27\/revisions\/795"}],"wp:attachment":[{"href":"https:\/\/schwimmschule-kleine-fische.de\/index.php?rest_route=%2Fwp%2Fv2%2Fmedia&parent=27"}],"curies":[{"name":"wp","href":"https:\/\/api.w.org\/{rel}","templated":true}]}}