{"id":42,"date":"2020-03-29T18:57:56","date_gmt":"2020-03-29T16:57:56","guid":{"rendered":"http:\/\/kf.dietour.org\/?page_id=42"},"modified":"2024-07-22T15:54:53","modified_gmt":"2024-07-22T13:54:53","slug":"ueber-uns","status":"publish","type":"page","link":"https:\/\/schwimmschule-kleine-fische.de\/?page_id=42","title":{"rendered":"\u00dcber uns"},"content":{"rendered":"<div class=\"wpb-content-wrapper\"><p>[vc_row][vc_column]<div id=\"ultimate-heading-954969e2e859e1e12\" class=\"uvc-heading ult-adjust-bottom-margin ultimate-heading-954969e2e859e1e12 uvc-588 \" data-hspacer=\"image_only\"  data-halign=\"center\" style=\"text-align:center\"><div class=\"uvc-main-heading ult-responsive\"  data-ultimate-target='.uvc-heading.ultimate-heading-954969e2e859e1e12 h2'  data-responsive-json-new='{\"font-size\":\"\",\"line-height\":\"\"}' ><h2 style=\"font-weight:normal;\">Das Team der Kleinen Fische<\/h2><\/div><div class=\"uvc-heading-spacer image_only\" style=\"top\"><img decoding=\"async\" src=\"https:\/\/schwimmschule-kleine-fische.de\/wp-content\/uploads\/2020\/04\/splitter.png\" class=\"ultimate-headings-icon-image\" alt=\"null\" style=\"width:2000px\"\/><\/div><\/div><div class=\"ult-spacer spacer-69e2e859e1e72\" data-id=\"69e2e859e1e72\" data-height=\"10\" data-height-mobile=\"5\" data-height-tab=\"\" data-height-tab-portrait=\"\" data-height-mobile-landscape=\"5\" style=\"clear:both;display:block;\"><\/div>[\/vc_column][\/vc_row][vc_row][vc_column width=&#8220;1\/4&#8243;]<div class='dt-sc-image-caption type3 '><div class='dt-sc-image-content'><p><\/p><\/div><div class='dt-sc-image-wrapper'><img loading=\"lazy\" decoding=\"async\" width=\"700\" height=\"1089\" src=\"https:\/\/schwimmschule-kleine-fische.de\/wp-content\/uploads\/2020\/04\/portra\u0308t-Katja-internet.png\" class=\"attachment-full\" alt=\"\" title=\"portra\u0308t Katja internet\" srcset=\"https:\/\/schwimmschule-kleine-fische.de\/wp-content\/uploads\/2020\/04\/portra\u0308t-Katja-internet.png 700w, https:\/\/schwimmschule-kleine-fische.de\/wp-content\/uploads\/2020\/04\/portra\u0308t-Katja-internet-193x300.png 193w, https:\/\/schwimmschule-kleine-fische.de\/wp-content\/uploads\/2020\/04\/portra\u0308t-Katja-internet-658x1024.png 658w, https:\/\/schwimmschule-kleine-fische.de\/wp-content\/uploads\/2020\/04\/portra\u0308t-Katja-internet-540x840.png 540w\" sizes=\"auto, (max-width: 700px) 100vw, 700px\" \/><\/div><div class='dt-sc-image-title'><h3>Katja Prahl<\/h3><h6>Schwimmschulinhaberin und Schwimmtrainerin<\/h6><\/div><\/div>[\/vc_column][vc_column width=&#8220;3\/4&#8243;]<div class=\"ult-spacer spacer-69e2e859e280e\" data-id=\"69e2e859e280e\" data-height=\"20\" data-height-mobile=\"10\" data-height-tab=\"\" data-height-tab-portrait=\"\" data-height-mobile-landscape=\"10\" style=\"clear:both;display:block;\"><\/div>[vc_column_text]Mit dem Aufbau der eigenen Schwimmschule im Jahr 2010 ist ein Herzenswunsch in Erf\u00fcllung gegangen. Ich bin seit meinem zw\u00f6lften Lebensjahr im Anf\u00e4ngerschwimmen t\u00e4tig. Seit 1993 bin ich im Besitz eines Lehrscheins der Trainerin-C-Lizenz und frische mein Wissen durch regelm\u00e4\u00dfige Fortbildungen auf. Ich habe die Rettungsschwimmer-Abzeichen der DLRG in Bronze, Silber und Gold und erfolgreich an einem Sanit\u00e4tslehrgang A der DLRG teilgenommen. Au\u00dferdem habe ich seit 2011 das Zertifikat \u201eKursleiterin Schwimmen lernen\u201c\u00a0 und seit 2016 auch das Zertifikat \u201eKursleiterin S\u00e4uglings- und Kleinkinderschwimmen\u201c von der dsv-Jugend. 2018 habe ich das Zertifikat f\u00fcr den Aquafitness Trainer erhalten.<\/p>\n<p>Seit November 2011 arbeite ich ehrenamtlich im Vorstand von LuFisch (Luruper F\u00f6rderverein Integration durch Schwimmen e.V.) und leite zusammen mit Silvia Behr das Lehrschwimmbecken im Swatten Weg sowie alle LuFisch-Kinderschwimmkurse. Dort k\u00f6nnen\u00a0 Kinder aus sozial benachteiligten Familien sowie Jungen und M\u00e4dchen mit Behinderungen schwimmen lernen, die sonst keine Chance dazu h\u00e4tten. Die Familien zahlen nichts.<\/p>\n<p>Beruflich habe ich als Physiotherapeutin gearbeitet; mit dem Schwerpunkt in der Kindertherapie. Hier habe ich 1997 die Ausbildung f\u00fcr die Sensomotorische Integrationstherapie im Flehmig Institut in Hamburg absolviert. Dieses Hintergrundwissen hilft mir, optimal auf alle Kinder einzugehen und z.B. die Wahrnehmung und die motorischen Fertigkeiten zu unterst\u00fctzen.<\/p>\n<p>2008 habe ich mein Diplomsportstudium erfolgreich beendet, unter anderem mit dem Schwerpunktfach Schwimmen.[\/vc_column_text][\/vc_column][\/vc_row][vc_row][vc_column]<div class=\"ult-spacer spacer-69e2e859e2846\" data-id=\"69e2e859e2846\" data-height=\"20\" data-height-mobile=\"10\" data-height-tab=\"\" data-height-tab-portrait=\"\" data-height-mobile-landscape=\"10\" style=\"clear:both;display:block;\"><\/div>[vc_single_image image=&#8220;269&#8243; img_size=&#8220;2000&#215;5&#8243;]<div class=\"ult-spacer spacer-69e2e859e2862\" data-id=\"69e2e859e2862\" data-height=\"20\" data-height-mobile=\"10\" data-height-tab=\"\" data-height-tab-portrait=\"\" data-height-mobile-landscape=\"10\" style=\"clear:both;display:block;\"><\/div>[\/vc_column][\/vc_row][vc_row][vc_column width=&#8220;1\/4&#8243;]<div class='dt-sc-image-caption type3 '><div class='dt-sc-image-content'><p><\/p><\/div><div class='dt-sc-image-wrapper'><img loading=\"lazy\" decoding=\"async\" width=\"700\" height=\"930\" src=\"https:\/\/schwimmschule-kleine-fische.de\/wp-content\/uploads\/2024\/07\/Merle_1.jpg\" class=\"attachment-full\" alt=\"\" title=\"Merle_1\" srcset=\"https:\/\/schwimmschule-kleine-fische.de\/wp-content\/uploads\/2024\/07\/Merle_1.jpg 700w, https:\/\/schwimmschule-kleine-fische.de\/wp-content\/uploads\/2024\/07\/Merle_1-226x300.jpg 226w, https:\/\/schwimmschule-kleine-fische.de\/wp-content\/uploads\/2024\/07\/Merle_1-540x717.jpg 540w\" sizes=\"auto, (max-width: 700px) 100vw, 700px\" \/><\/div><div class='dt-sc-image-title'><h3>Merle Prahl<\/h3><h6>Schwimmtrainerin<\/h6><\/div><\/div>[\/vc_column][vc_column width=&#8220;1\/2&#8243;]<div class=\"ult-spacer spacer-69e2e859e3170\" data-id=\"69e2e859e3170\" data-height=\"20\" data-height-mobile=\"10\" data-height-tab=\"\" data-height-tab-portrait=\"\" data-height-mobile-landscape=\"10\" style=\"clear:both;display:block;\"><\/div>[vc_row_inner][vc_column_inner width=&#8220;5\/6&#8243;][vc_column_text]Ich bin Merle und habe Grundschullehramt mit den F\u00e4chern Sport und Mathematik studiert. Seit 2013 bin ich als Trainerin in der Schwimmschule Kleine Fische t\u00e4tig. Dar\u00fcber hinaus engagiere ich mich bei LuFisch e. V. als ehrenamtliche Trainerin im Anf\u00e4ngerschwimmbereich. Dort habe ich auch Frauen- und Ferienschwimmkurse f\u00fcr Schwimmanf\u00e4nger*innen geleitet.<\/p>\n<p>Seit 2016 bin ich zertifizierte Kursleiterin \u201eSchwimmen lernen\u201c (DSV) und seit 2022 lizensierte DOSB-Trainerin C Breitensport Schwimmen. Au\u00dferdem liegt ein aktueller Erste-Hilfe Nachweis sowie das Rettungsschwimmabzeichen der DLRG vor.<\/p>\n<p>Kindern den Spa\u00df am Schwimmen zu vermitteln, bereitet mir sehr viel Freude, da ich selbst begeisterte Schwimmerin bin.[\/vc_column_text][\/vc_column_inner][vc_column_inner width=&#8220;1\/6&#8243;][\/vc_column_inner][\/vc_row_inner]<div class=\"ult-spacer spacer-69e2e859e3192\" data-id=\"69e2e859e3192\" data-height=\"10\" data-height-mobile=\"5\" data-height-tab=\"\" data-height-tab-portrait=\"\" data-height-mobile-landscape=\"5\" style=\"clear:both;display:block;\"><\/div>[vc_row_inner][vc_column_inner width=&#8220;1\/6&#8243;][\/vc_column_inner][vc_column_inner el_align=&#8220;right&#8220; width=&#8220;5\/6&#8243;][vc_column_text]Ich bin Nele und unterst\u00fctze die Schwimmschule Kleine Fische mittlerweile seit Anfang 2013. Mir macht das Training mit den verschiedenen Kindern in den unterschiedlichen Gruppen sehr viel Spa\u00df. Ich habe das Rettungsschwimmabzeichen in Silber, einen aktuellen erste Hilfe Schein und seit 2018 habe ich das Zertifikat \u201eKursleiterin Schwimmen lernen\u201c von der dsv-Jugend.[\/vc_column_text][\/vc_column_inner][\/vc_row_inner][\/vc_column][vc_column width=&#8220;1\/4&#8243;]<div class='dt-sc-image-caption type3 '><div class='dt-sc-image-content'><p><\/p><\/div><div class='dt-sc-image-wrapper'><img loading=\"lazy\" decoding=\"async\" width=\"700\" height=\"1000\" src=\"https:\/\/schwimmschule-kleine-fische.de\/wp-content\/uploads\/2020\/04\/portra\u0308t-Nele.jpg\" class=\"attachment-full\" alt=\"\" title=\"Nele\" srcset=\"https:\/\/schwimmschule-kleine-fische.de\/wp-content\/uploads\/2020\/04\/portra\u0308t-Nele.jpg 700w, https:\/\/schwimmschule-kleine-fische.de\/wp-content\/uploads\/2020\/04\/portra\u0308t-Nele-210x300.jpg 210w, https:\/\/schwimmschule-kleine-fische.de\/wp-content\/uploads\/2020\/04\/portra\u0308t-Nele-540x771.jpg 540w\" sizes=\"auto, (max-width: 700px) 100vw, 700px\" \/><\/div><div class='dt-sc-image-title'><h3>Nele Prahl<\/h3><h6>Schwimmtrainerin<\/h6><\/div><\/div>[\/vc_column][\/vc_row][vc_row][vc_column]<div class=\"ult-spacer spacer-69e2e859e3a22\" data-id=\"69e2e859e3a22\" data-height=\"20\" data-height-mobile=\"10\" data-height-tab=\"\" data-height-tab-portrait=\"\" data-height-mobile-landscape=\"10\" style=\"clear:both;display:block;\"><\/div>[vc_single_image image=&#8220;269&#8243; img_size=&#8220;2000&#215;5&#8243;]<div class=\"ult-spacer spacer-69e2e859e3a3c\" data-id=\"69e2e859e3a3c\" data-height=\"20\" data-height-mobile=\"10\" data-height-tab=\"\" data-height-tab-portrait=\"\" data-height-mobile-landscape=\"10\" style=\"clear:both;display:block;\"><\/div>[\/vc_column][\/vc_row][vc_row][vc_column]<div class=\"ult-spacer spacer-69e2e859e3a52\" data-id=\"69e2e859e3a52\" data-height=\"20\" data-height-mobile=\"10\" data-height-tab=\"\" data-height-tab-portrait=\"\" data-height-mobile-landscape=\"10\" style=\"clear:both;display:block;\"><\/div>[vc_single_image image=&#8220;269&#8243; img_size=&#8220;2000&#215;5&#8243;]<div class=\"ult-spacer spacer-69e2e859e3a65\" data-id=\"69e2e859e3a65\" data-height=\"20\" data-height-mobile=\"10\" data-height-tab=\"\" data-height-tab-portrait=\"\" data-height-mobile-landscape=\"10\" style=\"clear:both;display:block;\"><\/div>[\/vc_column][\/vc_row][vc_row][vc_column width=&#8220;1\/4&#8243;]<div class='dt-sc-image-caption type3 '><div class='dt-sc-image-content'><p><\/p><\/div><div class='dt-sc-image-wrapper'><img loading=\"lazy\" decoding=\"async\" width=\"400\" height=\"600\" src=\"https:\/\/schwimmschule-kleine-fische.de\/wp-content\/uploads\/2020\/04\/Chin-1.jpg\" class=\"attachment-full\" alt=\"\" title=\"Chin\" srcset=\"https:\/\/schwimmschule-kleine-fische.de\/wp-content\/uploads\/2020\/04\/Chin-1.jpg 400w, https:\/\/schwimmschule-kleine-fische.de\/wp-content\/uploads\/2020\/04\/Chin-1-200x300.jpg 200w\" sizes=\"auto, (max-width: 400px) 100vw, 400px\" \/><\/div><div class='dt-sc-image-title'><h3>Yea-Chin Hsu<\/h3><h6>Aquafitnesstrainerin<\/h6><\/div><\/div>[\/vc_column][vc_column width=&#8220;3\/4&#8243;]<div class=\"ult-spacer spacer-69e2e859e43e5\" data-id=\"69e2e859e43e5\" data-height=\"20\" data-height-mobile=\"10\" data-height-tab=\"\" data-height-tab-portrait=\"\" data-height-mobile-landscape=\"10\" style=\"clear:both;display:block;\"><\/div>[vc_column_text]Ich bin seit der Gr\u00fcndung der Schwimmschule \u201eKleine Fische\u201c mit dabei und habe zuvor schon jahrelang mit Katja bei der DLRG zusammengearbeitet. Schwimmtrainerin bin ich bereits seit meinem 16. Lebensjahr. Bei der DLRG, wo ich selbst schwimmen gelernt habe, leitete ich damals die Wettkampfschwimmgruppe. Ebenfalls habe ich Wasserrettungsdienst am Timmendorfer Strand engagiert.<\/p>\n<p>Meine Lizenzen sind: DOSB \u00dcbungsleiter C f\u00fcr Breitensport; DSV Kursleiterin \u201eSchwimmen Lernen\u201c, DTB-Aqua-Pr\u00e4ventions-Coach und Sanit\u00e4tshelfer A.<\/p>\n<p>Ich bin Sportstudentin, gebe Schwimmtraining f\u00fcr Kinder, Jugendliche und Erwachsene und Aquafitnesskurse. Au\u00dferhalb des Wassers arbeite ich einmal in der Woche im UKE als Trainerin f\u00fcr eine Kinder Herzsportgruppe.<\/p>\n<p>Ich liebe es, mit Menschen zu arbeiten und sie beim Schwimmen lernen zu unterst\u00fctzen. Ich habe au\u00dferdem sehr viel Spa\u00df und Freude daran, zu sehen, wie Kinder ihre \u00c4ngste vor dem Wasser verlieren und sich immer sicherer im Wasser bewegen.[\/vc_column_text][\/vc_column][\/vc_row]<\/p>\n<\/div>","protected":false},"excerpt":{"rendered":"<p>[vc_row][vc_column][\/vc_column][\/vc_row][vc_row][vc_column width=&#8220;1\/4&#8243;][\/vc_column][vc_column width=&#8220;3\/4&#8243;][vc_column_text]Mit dem Aufbau der eigenen Schwimmschule im Jahr 2010 ist ein Herzenswunsch in Erf\u00fcllung gegangen. Ich bin seit meinem zw\u00f6lften Lebensjahr im Anf\u00e4ngerschwimmen t\u00e4tig. Seit 1993 bin ich [&hellip;]<\/p>\n","protected":false},"author":1,"featured_media":0,"parent":0,"menu_order":0,"comment_status":"closed","ping_status":"closed","template":"","meta":{"footnotes":""},"class_list":["post-42","page","type-page","status-publish","hentry"],"_links":{"self":[{"href":"https:\/\/schwimmschule-kleine-fische.de\/index.php?rest_route=\/wp\/v2\/pages\/42","targetHints":{"allow":["GET"]}}],"collection":[{"href":"https:\/\/schwimmschule-kleine-fische.de\/index.php?rest_route=\/wp\/v2\/pages"}],"about":[{"href":"https:\/\/schwimmschule-kleine-fische.de\/index.php?rest_route=\/wp\/v2\/types\/page"}],"author":[{"embeddable":true,"href":"https:\/\/schwimmschule-kleine-fische.de\/index.php?rest_route=\/wp\/v2\/users\/1"}],"replies":[{"embeddable":true,"href":"https:\/\/schwimmschule-kleine-fische.de\/index.php?rest_route=%2Fwp%2Fv2%2Fcomments&post=42"}],"version-history":[{"count":26,"href":"https:\/\/schwimmschule-kleine-fische.de\/index.php?rest_route=\/wp\/v2\/pages\/42\/revisions"}],"predecessor-version":[{"id":1098,"href":"https:\/\/schwimmschule-kleine-fische.de\/index.php?rest_route=\/wp\/v2\/pages\/42\/revisions\/1098"}],"wp:attachment":[{"href":"https:\/\/schwimmschule-kleine-fische.de\/index.php?rest_route=%2Fwp%2Fv2%2Fmedia&parent=42"}],"curies":[{"name":"wp","href":"https:\/\/api.w.org\/{rel}","templated":true}]}}