{"id":50,"date":"2020-03-29T19:01:29","date_gmt":"2020-03-29T17:01:29","guid":{"rendered":"http:\/\/kf.dietour.org\/?page_id=50"},"modified":"2025-06-04T11:07:35","modified_gmt":"2025-06-04T09:07:35","slug":"schwimmgruppen","status":"publish","type":"page","link":"https:\/\/schwimmschule-kleine-fische.de\/?page_id=50","title":{"rendered":"Schwimmgruppen"},"content":{"rendered":"<div class=\"wpb-content-wrapper\"><p>[vc_row][vc_column]<div class=\"ult-spacer spacer-69e2e8b6c3075\" data-id=\"69e2e8b6c3075\" data-height=\"10\" data-height-mobile=\"10\" data-height-tab=\"10\" data-height-tab-portrait=\"\" data-height-mobile-landscape=\"\" style=\"clear:both;display:block;\"><\/div>[\/vc_column][\/vc_row][vc_row el_id=&#8220;Kleinkinderschwimmen_Detail&#8220;][vc_column width=&#8220;1\/4&#8243;]<div class='dt-sc-image-caption type3 '><div class='dt-sc-image-wrapper'><img loading=\"lazy\" decoding=\"async\" width=\"180\" height=\"180\" src=\"https:\/\/schwimmschule-kleine-fische.de\/wp-content\/uploads\/2020\/04\/Kleinkinderschwimmen-180x180-1.png\" class=\"attachment-full\" alt=\"\" title=\"Kleinkinderschwimmen-180x180\" srcset=\"https:\/\/schwimmschule-kleine-fische.de\/wp-content\/uploads\/2020\/04\/Kleinkinderschwimmen-180x180-1.png 180w, https:\/\/schwimmschule-kleine-fische.de\/wp-content\/uploads\/2020\/04\/Kleinkinderschwimmen-180x180-1-150x150.png 150w\" sizes=\"auto, (max-width: 180px) 100vw, 180px\" \/><\/div><div class='dt-sc-image-title'><h3><\/h3><\/div><div class='dt-sc-image-content'><p><\/p><\/div><\/div>[\/vc_column][vc_column width=&#8220;1\/2&#8243;][vc_column_text]<\/p>\n<h3>Kleinkinderschwimmen<\/h3>\n<p>Hier k\u00f6nnen Kinder ab ca. zwei Jahren zusammen mit einem Elternteil kommen. Spa\u00df und Bewegungsfreude im Element Wasser und die Interaktion zwischen den Eltern und ihrem Kind stehen hier im Vordergrund. In dieser Gruppe machen wir schon viele Kernelemente aus der Wassergew\u00f6hnung und Wasserbew\u00e4ltigung. Die Kinder wechseln um das vierte Lebensjahr herum in die Wassergew\u00f6hnungsgruppe und sind dank ihrer fr\u00fchen \u201eSchwimmkarriere\u201c schon ziemlich fit.<\/p>\n<p>Montagsgruppe<\/p>\n<p>15:00 bis 15:30 Uhr<\/p>\n<p>15:30 bis 16:00 Uhr[\/vc_column_text][\/vc_column][vc_column el_align=&#8220;center&#8220; width=&#8220;1\/4&#8243;][vc_single_image image=&#8220;210&#8243; img_size=&#8220;medium&#8220; alignment=&#8220;center&#8220; style=&#8220;vc_box_shadow&#8220;][\/vc_column][\/vc_row][vc_row][vc_column][vc_single_image image=&#8220;269&#8243; img_size=&#8220;2000&#215;5&#8243;]<div class=\"ult-spacer spacer-69e2e8b6c39f1\" data-id=\"69e2e8b6c39f1\" data-height=\"20\" data-height-mobile=\"5\" data-height-tab=\"\" data-height-tab-portrait=\"\" data-height-mobile-landscape=\"5\" style=\"clear:both;display:block;\"><\/div>[\/vc_column][\/vc_row][vc_row el_id=&#8220;Wassergewoehnung_Detail&#8220;][vc_column width=&#8220;1\/4&#8243;]<div class='dt-sc-image-caption type3 '><div class='dt-sc-image-wrapper'><img loading=\"lazy\" decoding=\"async\" width=\"180\" height=\"180\" src=\"https:\/\/schwimmschule-kleine-fische.de\/wp-content\/uploads\/2020\/04\/Wassergewohnung-180x180-1.png\" class=\"attachment-full\" alt=\"\" title=\"Wassergewohnung-180x180\" srcset=\"https:\/\/schwimmschule-kleine-fische.de\/wp-content\/uploads\/2020\/04\/Wassergewohnung-180x180-1.png 180w, https:\/\/schwimmschule-kleine-fische.de\/wp-content\/uploads\/2020\/04\/Wassergewohnung-180x180-1-150x150.png 150w\" sizes=\"auto, (max-width: 180px) 100vw, 180px\" \/><\/div><div class='dt-sc-image-title'><h3><\/h3><\/div><div class='dt-sc-image-content'><p><\/p><\/div><\/div>[\/vc_column][vc_column width=&#8220;1\/2&#8243;][vc_column_text]<\/p>\n<h3>Wassergew\u00f6hnung und Wasserbew\u00e4ltigung<\/h3>\n<p>Die Wassergew\u00f6hnung und Wasserbew\u00e4ltigungsgruppe ist f\u00fcr Kinder ab f\u00fcnf Jahren. Sie findet ohne Eltern statt.<\/p>\n<p>Bei der Wassergew\u00f6hnung setzen sich die Kinder mit dem Element Wasser auseinander und bei der Wasserbew\u00e4ltigung lernen die Kinder die Eigenschaften des Wassers die sie in der Wassergew\u00f6hnung bei uns kennengelernt haben zu nutzen. Das Wasser soll bew\u00e4ltigt werden. Die Wasserbew\u00e4ltigung beinhaltet, Tauchen, Atmen, Schweben (Auftreiben), Springen, Gleiten, Antreiben und Fortbewegen.<\/p>\n<p>In den Wassergew\u00f6hnungs- und Wasserbew\u00e4ltigungsgruppen sind die Kinder solange, bis sie ihr Kleine-Fische-Abzeichen bekommen. Dies ist unser eigens daf\u00fcr konzipiertes Wassergew\u00f6hnungsabzeichen \u201eKleine Fische\u201c. Danach wechseln sie in die Anf\u00e4nger-Gruppe.<\/p>\n<p><strong>Montagsgruppe<br \/>\n<\/strong><\/p>\n<p>16:00 bis 16:30 Uhr<\/p>\n<p><strong>Donnerstagsgruppen<\/strong><\/p>\n<p>14:00 bis 14:30 Uhr<\/p>\n<p>14:30 bis 15:00 Uhr[\/vc_column_text][\/vc_column][vc_column el_align=&#8220;center&#8220; width=&#8220;1\/4&#8243;][vc_single_image image=&#8220;223&#8243; img_size=&#8220;medium&#8220; alignment=&#8220;center&#8220; style=&#8220;vc_box_shadow&#8220;][\/vc_column][\/vc_row][vc_row][vc_column][vc_single_image image=&#8220;269&#8243; img_size=&#8220;2000&#215;5&#8243;]<div class=\"ult-spacer spacer-69e2e8b6c423b\" data-id=\"69e2e8b6c423b\" data-height=\"20\" data-height-mobile=\"5\" data-height-tab=\"\" data-height-tab-portrait=\"\" data-height-mobile-landscape=\"5\" style=\"clear:both;display:block;\"><\/div>[\/vc_column][\/vc_row][vc_row el_id=&#8220;Anfaenger_Detail&#8220;][vc_column width=&#8220;1\/4&#8243;]<div class='dt-sc-image-caption type3 '><div class='dt-sc-image-wrapper'><img loading=\"lazy\" decoding=\"async\" width=\"180\" height=\"180\" src=\"https:\/\/schwimmschule-kleine-fische.de\/wp-content\/uploads\/2020\/04\/Anfanger-180x180-1.png\" class=\"attachment-full\" alt=\"\" title=\"Anfanger-180x180\" srcset=\"https:\/\/schwimmschule-kleine-fische.de\/wp-content\/uploads\/2020\/04\/Anfanger-180x180-1.png 180w, https:\/\/schwimmschule-kleine-fische.de\/wp-content\/uploads\/2020\/04\/Anfanger-180x180-1-150x150.png 150w\" sizes=\"auto, (max-width: 180px) 100vw, 180px\" \/><\/div><div class='dt-sc-image-title'><h3><\/h3><\/div><div class='dt-sc-image-content'><p><\/p><\/div><\/div>[\/vc_column][vc_column width=&#8220;1\/2&#8243;][vc_column_text]<\/p>\n<h3>Anf\u00e4nger<\/h3>\n<p>Nach erfolgreicher Beendigung der Wassergew\u00f6hnungs- und Wasserbew\u00e4ltigungsphase haben die Kinder schon sehr viel gelernt und die Grundlagen f\u00fcr das Schwimmenlernen erreicht. In der Anf\u00e4nger-Gruppe beginnen wir mit dem Vermitteln der Schwimmtechniken. Die Kinder lernen parallel Schwimmen in Bauchlage und in R\u00fcckenlage. In den Anf\u00e4nger-Gruppen k\u00f6nnen die Kinder ihr Seepferdchen-Abzeichen machen.<\/p>\n<p><strong>Montagsgruppen<\/strong><\/p>\n<p>16:30 bis 17:10 Uhr Anf\u00e4nger I<\/p>\n<p>17:10 bis 17:50 Uhr Anf\u00e4nger II<\/p>\n<p><strong>Donnerstagsgruppen<\/strong><\/p>\n<p>15:00 bis 15:30 Uhr Anf\u00e4nger I<\/p>\n<p>15:30 bis 16:10 Uhr Anf\u00e4nger II[\/vc_column_text][\/vc_column][vc_column el_align=&#8220;center&#8220; width=&#8220;1\/4&#8243;][vc_single_image image=&#8220;235&#8243; img_size=&#8220;medium&#8220; alignment=&#8220;center&#8220; style=&#8220;vc_box_shadow&#8220;][\/vc_column][\/vc_row][vc_row][vc_column][vc_single_image image=&#8220;269&#8243; img_size=&#8220;2000&#215;5&#8243;]<div class=\"ult-spacer spacer-69e2e8b6c4aa2\" data-id=\"69e2e8b6c4aa2\" data-height=\"20\" data-height-mobile=\"5\" data-height-tab=\"\" data-height-tab-portrait=\"\" data-height-mobile-landscape=\"5\" style=\"clear:both;display:block;\"><\/div>[\/vc_column][\/vc_row][vc_row el_id=&#8220;Fortgeschrittene_Detail&#8220;][vc_column width=&#8220;1\/4&#8243;]<div class='dt-sc-image-caption type3 '><div class='dt-sc-image-wrapper'><img loading=\"lazy\" decoding=\"async\" width=\"180\" height=\"180\" src=\"https:\/\/schwimmschule-kleine-fische.de\/wp-content\/uploads\/2020\/04\/Fortgeschrittene-180x180-1.png\" class=\"attachment-full\" alt=\"\" title=\"Fortgeschrittene-180x180\" srcset=\"https:\/\/schwimmschule-kleine-fische.de\/wp-content\/uploads\/2020\/04\/Fortgeschrittene-180x180-1.png 180w, https:\/\/schwimmschule-kleine-fische.de\/wp-content\/uploads\/2020\/04\/Fortgeschrittene-180x180-1-150x150.png 150w\" sizes=\"auto, (max-width: 180px) 100vw, 180px\" \/><\/div><div class='dt-sc-image-title'><h3><\/h3><\/div><div class='dt-sc-image-content'><p><\/p><\/div><\/div>[\/vc_column][vc_column width=&#8220;1\/2&#8243;][vc_column_text]<\/p>\n<h3>Fortgeschrittene<\/h3>\n<p>In den fortgeschrittenen Gruppen werden die Schwimmtechniken vertieft und die Kondition der Kinder verst\u00e4rkt. Hier haben die Kinder die M\u00f6glichkeit, weitere Schwimmabzeichen zu machen.<\/p>\n<p><strong>Montagsgruppen<\/strong><\/p>\n<p>17:50 bis 18:30 Uhr Fortgeschrittene<\/p>\n<p><strong>Donnerstagsgruppen<\/strong><\/p>\n<p>16:10 bis 16:50 Uhr Fortgeschrittene[\/vc_column_text][\/vc_column][vc_column el_align=&#8220;center&#8220; width=&#8220;1\/4&#8243;][vc_single_image image=&#8220;237&#8243; img_size=&#8220;medium&#8220; alignment=&#8220;center&#8220; style=&#8220;vc_box_shadow&#8220;][\/vc_column][\/vc_row][vc_row][vc_column][vc_single_image image=&#8220;269&#8243; img_size=&#8220;2000&#215;5&#8243;]<div class=\"ult-spacer spacer-69e2e8b6c52de\" data-id=\"69e2e8b6c52de\" data-height=\"20\" data-height-mobile=\"5\" data-height-tab=\"\" data-height-tab-portrait=\"\" data-height-mobile-landscape=\"5\" style=\"clear:both;display:block;\"><\/div>[\/vc_column][\/vc_row][vc_row el_id=&#8220;Aquagymnastik_Detail&#8220;][vc_column width=&#8220;1\/4&#8243;]<div class='dt-sc-image-caption type3 '><div class='dt-sc-image-wrapper'><img loading=\"lazy\" decoding=\"async\" width=\"180\" height=\"180\" src=\"https:\/\/schwimmschule-kleine-fische.de\/wp-content\/uploads\/2020\/04\/Aquagymnastik-180x180-1.png\" class=\"attachment-full\" alt=\"\" title=\"Aquagymnastik-180x180\" srcset=\"https:\/\/schwimmschule-kleine-fische.de\/wp-content\/uploads\/2020\/04\/Aquagymnastik-180x180-1.png 180w, https:\/\/schwimmschule-kleine-fische.de\/wp-content\/uploads\/2020\/04\/Aquagymnastik-180x180-1-150x150.png 150w\" sizes=\"auto, (max-width: 180px) 100vw, 180px\" \/><\/div><div class='dt-sc-image-title'><h3><\/h3><\/div><div class='dt-sc-image-content'><p><\/p><\/div><\/div>[\/vc_column][vc_column width=&#8220;1\/2&#8243;][vc_column_text]<\/p>\n<h3>Aquagymnastik\/ Wassergymnastik &#8211; Frauengruppe<\/h3>\n<p>Diese Gruppe richtet sich an alle, die Spa\u00df und Freude an der Bewegung im Wasser haben und etwas f\u00fcr ihre Fitness und Gesundheit tun m\u00f6chten.<\/p>\n<p>Durch die Auftriebskraft des Wassers wird die Belastung f\u00fcr Gelenke und die Wirbels\u00e4ule reduziert. Im Wasser wird das Herz-Kreislauf-System trainiert und durch den Wasserwiderstand kommt es zur Kr\u00e4ftigung der Muskulatur.<\/p>\n<p><strong>Montagsgruppe<\/strong><\/p>\n<p>19:45 bis 20:30 Uhr[\/vc_column_text][\/vc_column][vc_column el_align=&#8220;center&#8220; width=&#8220;1\/4&#8243;][vc_single_image image=&#8220;238&#8243; img_size=&#8220;medium&#8220; alignment=&#8220;center&#8220; style=&#8220;vc_box_shadow&#8220;][\/vc_column][\/vc_row]<\/p>\n<\/div>","protected":false},"excerpt":{"rendered":"<p>[vc_row][vc_column][\/vc_column][\/vc_row][vc_row el_id=&#8220;Kleinkinderschwimmen_Detail&#8220;][vc_column width=&#8220;1\/4&#8243;][\/vc_column][vc_column width=&#8220;1\/2&#8243;][vc_column_text] Kleinkinderschwimmen Hier k\u00f6nnen Kinder ab ca. zwei Jahren zusammen mit einem Elternteil kommen. Spa\u00df und Bewegungsfreude im Element Wasser und die Interaktion zwischen den Eltern und [&hellip;]<\/p>\n","protected":false},"author":1,"featured_media":0,"parent":0,"menu_order":0,"comment_status":"closed","ping_status":"closed","template":"","meta":{"footnotes":""},"class_list":["post-50","page","type-page","status-publish","hentry"],"_links":{"self":[{"href":"https:\/\/schwimmschule-kleine-fische.de\/index.php?rest_route=\/wp\/v2\/pages\/50","targetHints":{"allow":["GET"]}}],"collection":[{"href":"https:\/\/schwimmschule-kleine-fische.de\/index.php?rest_route=\/wp\/v2\/pages"}],"about":[{"href":"https:\/\/schwimmschule-kleine-fische.de\/index.php?rest_route=\/wp\/v2\/types\/page"}],"author":[{"embeddable":true,"href":"https:\/\/schwimmschule-kleine-fische.de\/index.php?rest_route=\/wp\/v2\/users\/1"}],"replies":[{"embeddable":true,"href":"https:\/\/schwimmschule-kleine-fische.de\/index.php?rest_route=%2Fwp%2Fv2%2Fcomments&post=50"}],"version-history":[{"count":40,"href":"https:\/\/schwimmschule-kleine-fische.de\/index.php?rest_route=\/wp\/v2\/pages\/50\/revisions"}],"predecessor-version":[{"id":1136,"href":"https:\/\/schwimmschule-kleine-fische.de\/index.php?rest_route=\/wp\/v2\/pages\/50\/revisions\/1136"}],"wp:attachment":[{"href":"https:\/\/schwimmschule-kleine-fische.de\/index.php?rest_route=%2Fwp%2Fv2%2Fmedia&parent=50"}],"curies":[{"name":"wp","href":"https:\/\/api.w.org\/{rel}","templated":true}]}}